 and 2?
2
Suppose 2*a - 1734 = -5*b, a - 940 - 449 = -4*b. Calculate the greatest common divisor of b and 48.
12
Suppose 320 = 50*k - 45*k. Let g = -41 + k. Let h(u) = -3*u**3 + 3*u + 4. Let w be h(-4). What is the greatest common factor of w and g?
23
Suppose 9*j - 111 - 87 = 0. Let k = -60 - -104. What is the greatest common factor of j and k?
22
Let a = 796 - 532. Calculate the greatest common divisor of a and 33.
33
Let k(n) = n + 2. Let a be k(-6). Let l be (18/4)/(-9)*a. Suppose -l*s - 8 = -28. What is the highest common factor of 30 and s?
10
Let i(u) = 3*u + 1. Let g be -3 + 8/(1 - -1). Let z be i(g). Suppose 0 = 2*l - 4*l + 2*q + 50, -z*l + 116 = 4*q. What is the highest common factor of 3 and l?
3
Suppose 3*y = 2*r + 197, 0 = -4*y - r - 2*r + 240. Suppose 0 = 22*u - 18*u - 28. Calculate the greatest common factor of y and u.
7
Let d be ((-12)/(-18))/((-2)/6 - 0). Let c be 2526/21 + d*1/7. What is the highest common factor of 30 and c?
30
Let h(u) = -2*u - 4. Let t be h(-3). Suppose 6*d - t*d = 0. Suppose 0 = -3*k - d*k + 693. Calculate the highest common divisor of k and 21.
21
Suppose -3*s + s = 4*b - 40, 28 = 3*b + 2*s. Calculate the greatest common factor of 138 and b.
6
Suppose -64 = 18*d - 22*d - 2*y, -5*y - 61 = -3*d. What is the highest common factor of 136 and d?
17
Let h = 7 - 22. Let t = h + 36. Calculate the greatest common divisor of 7 and t.
7
Suppose 0 = -4*x + 33 + 147. Let o = x - 35. What is the highest common divisor of 4 and o?
2
Let g = -272 - -162. Let q be g/(-4)*(-80)/(-50). Calculate the greatest common divisor of 33 and q.
11
Suppose -3 = -3*a + 6. Let t be (-26)/(-3) - a/(-9). Calculate the greatest common factor of 36 and t.
9
Suppose 1 = -y + 2*y. Suppose 3*d + 7 = y. Let i be (-1 - d) + 0 + 59. Calculate the greatest common divisor of 12 and i.
12
Let a(s) = s**2 + 17*s + 70. Let j be a(-11). What is the highest common divisor of 160 and j?
4
Let j(o) = -39*o - 108. Let d be j(-8). What is the highest common factor of 12 and d?
12
Let k be ((-64)/48)/((-3)/54). What is the highest common divisor of 96 and k?
24
Let u be (1 - 1)/(2 + -5). Let t be 0 - 2/(-3 - -2). Suppose -4*x - 3*y = -23 - 163, t*x - 5*y - 106 = u. Calculate the greatest common factor of x and 6.
6
Let n(y) = 13*y - 79. Let q be n(8). Calculate the highest common divisor of 40 and q.
5
Suppose 5*f - 3 - 42 = 0. Suppose -3*i - f = -15. Calculate the highest common divisor of i and 2.
2
Suppose -t = 10*a - 5*a + 6, -2*t - 5*a + 8 = 0. Suppose -2*q - 3*b + 7*b = -40, 3*q - 4*b = 68. What is the highest common divisor of q and t?
14
Let p be -3 + 9*(-55)/(-99). Calculate the highest common factor of 788 and p.
2
Let w be ((-1)/(-1))/(3/24). What is the highest common factor of 4 and w?
4
Let d(n) = -7*n - 10. Suppose -10*a = -17*a - 28. Let g be d(a). What is the highest common divisor of g and 45?
9
Suppose -3*h - 4*c = -10, -3*h + 2*c + 0*c + 40 = 0. Calculate the highest common factor of h and 75.
5
Suppose 3*k + 2*t - 22 = 0, -2*k - 14 = -5*k - 4*t. What is the greatest common divisor of 25 and k?
5
Let k = -26 - -30. Suppose k*n + 108 = 8*n. Let l = 47 - n. Calculate the greatest common divisor of l and 180.
20
Let n be (36/(-14))/(3/(-21)). Suppose 14 = -5*o + 39, -2*o = 4*g - 226. What is the greatest common divisor of n and g?
18
Let n(w) = w**3 + 17*w**2 - 6*w - 10. Let a be n(-17). Suppose 4*c = 5*v + a + 32, 124 = 3*c + 4*v. What is the highest common factor of c and 9?
9
Let n = 3590 - 2004. What is the highest common factor of 122 and n?
122
Let r be (-256)/(-48)*(-138)/(-4). Suppose 4*n = -3*w + 194, -4*n - 2*w = -4*w - r. Calculate the greatest common factor of 517 and n.
47
Suppose 3*w = -3*y + 42, -3*w + 4*y + 61 = 2*w. Let h = w - -245. Let k be 1/(-2) + h/12. What is the highest common factor of k and 7?
7
Let b = 307 - 292. Calculate the highest common divisor of 60 and b.
15
Suppose -o - 117 = -4*z, 4*o + 132 = 4*z - 0*o. Calculate the greatest common divisor of 20 and z.
4
Let l(t) = t**2 + 3*t + 8. Suppose k + 7*k = 3*k. Let b be l(k). Calculate the greatest common divisor of b and 20.
4
Let c = 151 - 121. Let x be 4 + (3 + 2 - -36). What is the highest common divisor of c and x?
15
Let p be (12/21)/(4/14). Suppose -p*m + m = 0. Suppose 5*b = 4*h - 8, -2 = -h - m*h - 5*b. What is the highest common divisor of h and 2?
2
Suppose 3*d - 11 - 16 = 0. Suppose -11*l = -d*l - 18. Calculate the highest common factor of 9 and l.
9
Let v be 25725/210*(-4)/(-10). Calculate the highest common factor of v and 196.
49
Let l(y) = 7*y - 64. Let v be l(17). Calculate the greatest common factor of 88 and v.
11
Let z be 130/(-14) + (-8)/(-28). Let i be 21/(-2)*12/z. Let c(x) = -17*x - 7. Let r be c(-7). Calculate the highest common factor of i and r.
14
Let k(r) = -r**2 + 8*r - 6. Let x be k(8). Let w(c) = -3*c - 8. Let i be w(x). Calculate the greatest common divisor of 110 and i.
10
Let d be 82 + -19 - (2 - -1). Calculate the highest common divisor of 220 and d.
20
Suppose 0 = 53*f - 48*f. Suppose 2*o - 3*c = -5, f = -4*o + 4*c - 3*c + 15. What is the greatest common factor of 45 and o?
5
Let g(p) = -p**2 + 4*p + 7. Let x be g(6). Let h be 10/(-25) + (-82)/x. What is the highest common factor of h and 112?
16
Suppose -b + 9 + 4 = 0. Let h = 24 - b. What is the greatest common factor of h and 121?
11
Let d(r) = 3*r - 9. Let y be d(9). Suppose 3*n = -2*w, 0*w - 3*n - 12 = -2*w. Suppose -5*j + 72 = w*j. What is the highest common factor of y and j?
9
Suppose -z + 1 + 3 = 0. Let u = 13 + 79. Let o = z + u. What is the highest common factor of 12 and o?
12
Suppose 18788 = -42*j + 86*j. What is the highest common divisor of 183 and j?
61
Let i = 15 - 28. Let l be (-11)/1*(i + 12). Calculate the greatest common factor of l and 11.
11
Suppose 2233 + 1835 = 4*y - 4*o, 5*y + o = 5079. Let j be y/34 - 2/(-17). Calculate the greatest common factor of 12 and j.
6
Let y = 27 - 17. Let f(m) = -m**2 + 8*m - 14. Let h be f(4). What is the greatest common factor of h and y?
2
Let y(a) = 3*a**2 - 2*a + 4. Let f be y(-11). Suppose 2*b - f = -3*b + 4*i, 227 = 3*b + 4*i. What is the highest common factor of b and 7?
7
Let q(h) = 11*h**2 + 5*h - 5. Let b be q(1). Suppose -5*v - 8 - 12 = 0. Let f = v + b. Calculate the greatest common factor of f and 77.
7
Let l = -226 - -258. Calculate the highest common divisor of 288 and l.
32
Let g = -782 - -1343. What is the highest common factor of 33 and g?
33
Let l = 16 + -6. Let g = 16 - l. Suppose -n = -3*n + g. Calculate the greatest common factor of 6 and n.
3
Suppose 4*a - 5*c + 16 = 0, -14 = a - 3*c - 3. Let q be 2*(3 + 214 + a). Let k = q + -260. Calculate the greatest common divisor of 16 and k.
16
Suppose -n - 5*j + 564 = 0, n - 660 = -j - 76. Calculate the highest common divisor of n and 93.
31
Let q(y) = -6*y**3 - 6*y**2 - 14*y + 2. Let c be q(-2). Calculate the greatest common factor of c and 864.
54
Let h(u) = u**2 - 15*u - 49. Let v be h(18). Suppose 4*a + 40 = v*s, -s = 4*a + a + 21. What is the greatest common factor of s and 44?
4
Suppose -5*l - 4*g = -94, l - 56 + 14 = 5*g. What is the greatest common divisor of l and 2?
2
Let m be (9 + -3)/((-12)/(-28)). Let g(h) be the second derivative of -25*h**3/3 - h**2 - 3*h. Let p be g(-2). What is the greatest common divisor of m and p?
14
Let v = 667 + -592. Calculate the highest common divisor of 4 and v.
1
Let a = -2 - -13. Let l = 162 - -24. Suppose 3*m = -2*y + l, 178 - 689 = -5*y + 4*m. Calculate the greatest common divisor of y and a.
11
Let k = 64 + -60. Let a be 17 - (3 - (k + 0)). Let m be 200 - (-1 + 2) - 1. Calculate the greatest common factor of a and m.
18
Suppose 0*s - 5*d - 4 = 4*s, 5*s + 50 = 5*d. Let o be (2 + -22)/(s/21). Calculate the greatest common divisor of 10 and o.
10
Let m(x) = x**3 + 5*x**2 - 18*x - 3. Let z be m(4). What is the greatest common factor of z and 46?
23
Let m(p) = p + 24. Let z be m(20). Calculate the greatest common divisor of 20 and z.
4
Let y = 57 - 59. Let q be 0 + (1/y)/((-4)/152). What is the greatest common factor of q and 95?
19
Let f(j) = 5*j - 47. Let m be f(11). Let k = -5 + m. What is the greatest common divisor of k and 27?
3
Let v(o) = 9*o - 19. Let b be v(5). Let c be (-1718)/(-11) + 52/(-286). Cal